33763.
3, 11, 2779811
What are the prime factors of 32598614?
2, 127, 128341
What are the prime factors of 27265957?
31, 149, 5903
List the prime factors of 56397000.
2, 3, 5, 11, 1709
List the prime factors of 2229036077.
29, 2473, 31081
List the prime factors of 1629281690.
2, 5, 162928169
What are the prime factors of 102260283?
3, 34086761
List the prime factors of 1538878479.
3, 53, 419, 23099
List the prime factors of 631104400.
2, 5, 149, 10589
What are the prime factors of 138208834?
2, 5741, 12037
List the prime factors of 33651077.
61, 79, 6983
List the prime factors of 21313521.
3, 29, 127, 643
What are the prime factors of 140488101?
3, 13, 133417
List the prime factors of 5281381785.
3, 5, 23, 311, 49223
What are the prime factors of 108919515?
3, 5, 1627, 4463
List the prime factors of 421975358.
2, 7, 499, 8629
List the prime factors of 31649846.
2, 29, 191, 2857
List the prime factors of 428493534.
2, 3, 7, 17, 85733
List the prime factors of 145788483.
3, 48596161
What are the prime factors of 790282442?
2, 31, 89, 197, 727
What are the prime factors of 99465094?
2, 49732547
What are the prime factors of 15686809?
15686809
List the prime factors of 123964183.
7, 29, 610661
What are the prime factors of 139956164?
2, 467, 74923
What are the prime factors of 182542087?
7, 13, 2005957
List the prime factors of 856043095.
5, 23, 59, 71, 1777
What are the prime factors of 137779620?
2, 3, 5, 11, 107, 1951
What are the prime factors of 1039344034?
2, 1427, 364171
List the prime factors of 178272460.
2, 5, 8913623
List the prime factors of 139296364.
2, 34824091
List the prime factors of 372915797.
372915797
List the prime factors of 537568346.
2, 7, 113, 373, 911
List the prime factors of 25014921.
3, 8338307
What are the prime factors of 1855088125?
5, 11, 239, 1129
List the prime factors of 549865240.
2, 5, 13746631
List the prime factors of 47691760.
2, 5, 596147
List the prime factors of 6403735976.
2, 11, 281, 258967
What are the prime factors of 192026923?
11, 97, 179969
What are the prime factors of 15473290?
2, 5, 7, 221047
What are the prime factors of 1297519790?
2, 5, 7, 1871, 9907
What are the prime factors of 154515311?
23, 1471, 4567
What are the prime factors of 37518907?
37518907
What are the prime factors of 27272371?
7, 556579
List the prime factors of 111741423.
3, 37247141
What are the prime factors of 33035571?
3, 569, 6451
List the prime factors of 198799608.
2, 3, 7, 53, 83, 269
List the prime factors of 21483995.
5, 13, 107, 3089
List the prime factors of 286872653.
887, 323419
What are the prime factors of 69735834?
2, 3, 7, 41, 13499
List the prime factors of 143856758.
2, 43, 1672753
What are the prime factors of 83511423?
3, 733, 12659
List the prime factors of 968139413.
968139413
List the prime factors of 148494129.
3, 7, 7071149
List the prime factors of 1044066174.
2, 3, 31, 5613259
List the prime factors of 7560910.
2, 5, 7, 108013
List the prime factors of 148055737.
17, 1489, 5849
What are the prime factors of 80430098?
2, 7, 59, 97373
List the prime factors of 13881777.
3, 7, 13, 50849
What are the prime factors of 61355152?
2, 43, 257, 347
List the prime factors of 4365445649.
283, 15425603
List the prime factors of 540665486.
2, 83, 1237, 2633
What are the prime factors of 928603415?
5, 3529, 52627
What are the prime factors of 3688495?
5, 149, 4951
What are the prime factors of 22941232?
2, 149, 9623
List the prime factors of 4876678988.
2, 163, 419, 17851
What are the prime factors of 574256363?
109, 5268407
List the prime factors of 720691607.
1753, 411119
List the prime factors of 27632136.
2, 3, 7, 164477
List the prime factors of 47699366.
2, 11, 13, 166781
What are the prime factors of 43377767?
43377767
What are the prime factors of 266937851?
43, 1087, 5711
What are the prime factors of 359706094?
2, 11, 17, 43, 22367
List the prime factors of 383725285.
5, 31, 2475647
What are the prime factors of 431658881?
29, 14884789
What are the prime factors of 475457027?
1193, 398539
What are the prime factors of 24884349?
3, 7, 29, 1409
What are the prime factors of 3863259126?
2, 3, 1259, 170473
List the prime factors of 207434470.
2, 5, 23, 193, 4673
List the prime factors of 142666356.
2, 3, 7, 1698409
List the prime factors of 31406922.
2, 3, 17, 197, 521
List the prime factors of 4071760014.
2, 3, 7, 79, 1227173
List the prime factors of 52389579.
3, 11, 1587563
What are the prime factors of 366289586?
2, 13, 197, 5501
What are the prime factors of 127876621?
1433, 89237
What are the prime factors of 691992061?
59, 577, 20327
What are the prime factors of 4419248637?
3, 101, 14584979
What are the prime factors of 5520632375?
5, 53, 397, 2099
What are the prime factors of 1947566?
2, 97, 10039
List the prime factors of 942234549.
3, 314078183
What are the prime factors of 50778157?
149, 340793
What are the prime factors of 360197078?
2, 571, 315409
List the prime factors of 216226446.
2, 3, 37, 43, 22651
What are the prime factors of 969960954?
2, 3, 967, 167177
List the prime factors of 24296800.
2, 5, 11, 251
What are the prime factors of 7166538335?
5, 11, 61, 2136077
What are the prime factors of 789499194?
2, 3, 11, 181, 66089
List the prime factors of 3956066385.
3, 5, 569, 463511
List the prime factors of 203380200.
2, 3, 5, 37663
What are the prime factors of 3039553?
11, 276323
What are the prime factors of 3924654190?
2, 5, 392465419
What are the prime factors of 9264506385?
3, 5, 617633759
List the prime factors of 121518076.
2, 653, 46523
What are the prime factors of 56956659?
3, 18985553
List the prime factors of 106765092.
2, 3, 7, 199, 2129
List the prime factors of 2259478745.
5, 451895749
List the prime factors of 91282223.
91282223
What are the prime factors of 48774151?
53, 920267
List the prime factors of 325746440.
2, 5, 73, 281, 397
What are the prime factors of 855685504?
2, 6685043
List the prime factors of 302547967.
302547967
List the prime factors of 5526334971.
3, 211, 970043
List the prime factors of 1454729753.
6599, 220447
List the prime factors of 45041631.
3, 15013877
List the prime factors of 1923199093.
113, 17019461
List the prime factors of 3868365803.
643, 1307, 4603
List the prime factors of 515978304.
2, 3, 569, 4723
List the prime factors of 888916161.
3, 7, 42329341
List the prime factors of 40193321.
7, 17, 337759
List the prime factors of 64749547.
29, 89, 25087
What are the prime factors of 89359929?
3, 661, 1669
List the prime factors of 302896628.
2, 131, 578047
List the prime factors of 3722778223.
3722778223
What are the prime factors of 374440432?
2, 59, 103, 3851
List the prime factors of 43577953.
17, 2563409
List the prime factors of 480617796.
2, 3, 1583, 25301
List the prime factors of 170382697.
79, 283, 7621
List the prime factors of 2452428159.
3, 43, 887, 21433
What are the prime factors of 171432833?
11, 13, 29, 67, 617
List the prime factors of 143838017.
257, 359, 1559
What are the prime factors of 307089038?
2, 31, 4953049
What are the prime factors of 27547341?
3, 9182447
List the prime factors of 34086460.
2, 5, 23, 74101
What are the prime factors of 2068243248?
2, 3, 523, 82387
List the prime factors of 717130087.
23, 1741, 17909
What are the prime factors of 316879130?
2, 5, 73, 434081
What are the prime factors of 5076869067?
3, 223, 2529581
List the prime factors of 83546417.
83546417
List the prime factors of 5718517687.
101, 56618987
List the prime factors of 6241474.
2, 79, 39503
What are the prime factors of 107153022?
2, 3, 131, 136327
List the prime factors of 91574067.
3, 13, 2348053
List the prime factors of 50382149.
1039, 48491
What are the prime factors of 90839781?
3, 10093309
List the prime factors of 106948536.
2, 3, 4456189
List the prime factors of 650586787.
17, 197, 194263
List the prime factors of 17531395.
5, 7, 19, 41, 643
What are the prime factors of 1219333208?
2, 19, 757, 10597
What are the prime factors of 243175850?
2, 5, 1259, 3863
What are the prime factors of 325992962?
2, 31, 5257951
List the prime factors of 61534076.
2, 15383519
What are the prime factors of 6704945?
5, 13, 29, 3557
What are the prime factors of 731039694?
2, 3, 7, 11, 1582337
List the prime factors of 213423016.
2, 